is 1 + -1001222221012?
-1001222221011
In base 4, what is -33 - 22333012021?
-22333012120
In base 11, what is -145951692 + -4?
-145951696
In base 7, what is 0 - -114205024?
114205024
In base 15, what is 487 + -184e4?
-1805c
In base 11, what is 3 - 2042a6a20?
-2042a6a18
In base 16, what is 164ed89 - 1?
164ed88
In base 10, what is 21397202 + 4?
21397206
In base 9, what is -2363585 + 43?
-2363542
In base 14, what is 156 + -d191?
-d039
In base 2, what is -100101111001111 + -1001001000001?
-101111000010000
In base 4, what is -20320133323 + 110?
-20320133213
In base 10, what is 21573459 - 2?
21573457
In base 15, what is 51 - -69ee3?
6a044
In base 10, what is -42762720 + -2?
-42762722
In base 16, what is -2 + 12ea24?
12ea22
In base 6, what is 3 + -1353253355?
-1353253352
In base 10, what is -18004020 - 2?
-18004022
In base 6, what is 112 - -32104344?
32104500
In base 6, what is 2 + 241332155?
241332201
In base 14, what is 0 + -5d3530?
-5d3530
In base 7, what is 10 - 2116501?
-2116461
In base 16, what is 4 - 1e73bd2?
-1e73bce
In base 13, what is 172495a3 + 0?
172495a3
In base 10, what is 1 + -76965830?
-76965829
In base 10, what is -7992 + 3519?
-4473
In base 2, what is -10010000100000010110 + -10?
-10010000100000011000
In base 7, what is 665650 + -200?
665450
In base 2, what is -11 + -1100000110101100001?
-1100000110101100100
In base 13, what is -5 - -49c336?
49c331
In base 8, what is -1033 - -53430?
52375
In base 12, what is 23 + -6074b?
-60728
In base 2, what is 1110000100101000000 + 11000101?
1110000101000000101
In base 8, what is -3 + -1504457654?
-1504457657
In base 14, what is -139 + -13595?
-136d0
In base 15, what is -579b + -94eb?
-ec97
In base 11, what is -30567130 + -4?
-30567134
In base 14, what is -4066036 - -1?
-4066035
In base 9, what is -48038 - 650?
-48688
In base 10, what is 8814 + 42067?
50881
In base 6, what is 5 - 42152352?
-42152343
In base 2, what is 111110 + 11111101111010101?
11111110000010011
In base 13, what is 12 - -5b82ac?
5b82c1
In base 5, what is 30104410 - -10431?
30120341
In base 10, what is 125467 + 25?
125492
In base 9, what is -26 + 6380560?
6380533
In base 11, what is -a50846 + 16?
-a50830
In base 10, what is 187018 - -1068?
188086
In base 8, what is -151215 - 112?
-151327
In base 10, what is -7 - -3018286?
3018279
In base 8, what is 136603232 + 5?
136603237
In base 11, what is -7569100 - 2?
-7569102
In base 13, what is 638a18 + 21?
638a39
In base 12, what is -4167a - -b?
-4166b
In base 4, what is 110 - 233210022230?
-233210022120
In base 14, what is -31c - 14082?
-143a0
In base 4, what is 213103330 - 12?
213103312
In base 11, what is -345 + -85361?
-856a6
In base 12, what is 5789 - a4?
56a5
In base 12, what is -4333 - -a9b2?
667b
In base 13, what is 279a66 - -203?
279c69
In base 3, what is -220 + -211000120222?
-211000121212
In base 16, what is -b6 + -36?
-ec
In base 13, what is 1aa6bc1 + -1?
1aa6bc0
In base 16, what is -4700c + -2d9?
-472e5
In base 3, what is 20122012 + -111020102?
-20121020
In base 16, what is -a4711 + 1d?
-a46f4
In base 4, what is -1311333033 + -13?
-1311333112
In base 12, what is 0 + -60249a4?
-60249a4
In base 3, what is 10022110220112120111 + 1?
10022110220112120112
In base 8, what is 63 + 27736711?
27736774
In base 14, what is -4737d - -3?
-4737a
In base 15, what is -59d - -148e?
de1
In base 10, what is 651225 + -2?
651223
In base 10, what is -3708 - -764?
-2944
In base 12, what is -22486 + 269?
-22219
In base 12, what is 82a07a - -3b?
82a0b9
In base 14, what is -1a4a + -71?
-1abb
In base 6, what is 412 - -3314443?
3315255
In base 2, what is 111001100011000010001001 - 100?
111001100011000010000101
In base 15, what is -5d3 - -83a3a?
83457
In base 4, what is -32 - 110000211320?
-110000212012
In base 9, what is 3 - -71302755?
71302758
In base 10, what is -464 + -5504?
-5968
In base 5, what is -200424 - 14114?
-220043
In base 16, what is -64a494c + -4?
-64a4950
In base 14, what is -615b82 + 3?
-615b7d
In base 12, what is 4b + -682b8b?
-682b40
In base 8, what is -55566 + -5?
-55573
In base 16, what is 2 - -178a046?
178a048
In base 5, what is 3001 + -23321103?
-23313102
In base 10, what is 396111 - 429?
395682
In base 3, what is -102010112001 - -2202?
-102010102022
In base 2, what is 10 - 10101001010011000001011100?
-10101001010011000001011010
In base 15, what is -186 - 4e?
-1d5
In base 2, what is 101010101001111100001 + 110011000?
101010101010101111001
In base 7, what is -2504 + 56203?
53366
In base 12, what is 302 + -10612a?
-105a28
In base 14, what is 16b993 + 4?
16b997
In base 15, what is -5450 + a50?
-4900
In base 8, what is 2131066 + -33?
2131033
In base 14, what is -4 + 13c13d2?
13c13cc
In base 11, what is 163 + -2187?
-2024
In base 4, what is -110220011 - 303?
-110220320
In base 13, what is 38bb + -2924?
c97
In base 7, what is 1514255 - -3?
1514261
In base 8, what is -2166503 - -21?
-2166462
In base 11, what is -20 + -364a98a?
-364a9aa
In base 15, what is 747 + ecdb?
10533
In base 5, what is -32 - -230021030?
230020443
In base 2, what is -10101011011101011101100111 + 0?
-10101011011101011101100111
In base 10, what is 89 + 793253?
793342
In base 12, what is -36a - -1a356?
19ba8
In base 3, what is 12110110 - -11020?
12121200
In base 10, what is -2452347 - -1?
-2452346
In base 11, what is 5 + 6a353a6a?
6a353a74
In base 7, what is 1405213 - 2053?
1403130
In base 11, what is -13276 + 6207?
-806a
In base 11, what is 54244386 + -5?
54244381
In base 13, what is 3 - -1509bc?
1509c2
In base 6, what is 1 - -23045145501?
23045145502
In base 15, what is 1adb6 - 18d?
1ac28
In base 16, what is 9c36 + 24b?
9e81
In base 4, what is 21110231 + 200?
21111031
In base 12, what is -10a4 - -265?
-a3b
In base 15, what is 2177ba8 + -3?
2177ba5
In base 4, what is -10311121233103 - -32?
-10311121233011
In base 2, what is 11101011000000100011110001 - -10?
11101011000000100011110011
In base 10, what is -5 + 132294351?
132294346
In base 9, what is -20763784 - 16?
-20763811
In base 13, what is 60 - 112786?
-112726
In base 14, what is -117c26 + -147?
-117d6d
In base 15, what is d3733 - -3b4?
d3ae7
In base 2, what is 1 - -1101011101100011111110101?
1101011101100011111110110
In base 10, what is -2133 - 1246?
-3379
In base 16, what is 7 + 1e21ac?
1e21b3
In base 11, what is 133759 - -97?
133845
In base 11, what is -690 - -1a372?
19792
In base 8, what is -10 - 417160?
-417170
In base 6, what is 13425023414 - 5?
13425023405
In base 8, what is -4 - 153152077?
-153152103
In base 4, what is -333120103 - -122232?
-332331211
In base 8, what is 204644 - -331?
205175
In base 16, what is -3 + 14af445?
14af442
In base 11, what is -1 - a61341?
-a61342
In base 2, what is -100 + -1101000000001?
-1101000000101
In base 2, what is -10100111011010 - -1110110111111?
-110000011011
In base 10, what is -11709715 - 11?
-11709726
In base 14, what is -99583 - ab8?
-9a25b
In base 6, what is -13 + 4055043?
4055030
In base 16, what is 7 - -e21e75?
e21e7c
In base 9, what is -103524767 - -10?
-103524757
In base 4, what is -12023300 - 312?
-12030212
In base 11, what is 4 - 121149162?
-121149159
In base 12, what is 5 + -4818462?
-4818459
In base 3, what is 210121 + 121110202102?
121111120000
In base 16, what is e1016e9 + 4?
e1016ed
In base 12, what is 1631bb - 109?
1630b2
In base 14, what is -2b0 + -1a782?
-1aa52
In base 9, what is 65524750 + 4?
65524754
In base 2, what is 1111 + -101011010111101000010111?
-101011010111101000001000
In base 7, what is 0 + -455341254?
-455341254
In base 7, what is 4 - 33331433?
-33331426
In base 9, what is -734 + 224?
-510
In base 15, what is -aa59ab - -1?
-aa59aa
In base 15, what is -2 + -360d64d?
-360d650
In base 15, what is -1 - -9ec9dc?
9ec9db
In base 13, what is 117 - -15c43?
1605a
In base 11, what is 5a8 + 13380?
13978
In base 4, what is 1 + 32010320003?
32010320010
In base 12, what is 4a133 - -152b?
4b662
In base 8, what is 55563770 - -4?
55563774
In base 12, what is 91b1 - -55?
9246
In base 15, what is 949 - 5165?
-471b
In base 8, what is 2 - -36047366?
36047370
In base 7, what is 3321 - -125100?
131421
In base 5, what is 4244344 + 323?
4300222
In base 3, what is 1011001100 - 1002121?
1002221202
In base 10, what is -892300385 + 0?
-892300385
In base 3, what is -10201210011 + -1010110?
-10202220121
In base 5, what 